{"id":44,"date":"2023-12-06T16:10:45","date_gmt":"2023-12-06T19:10:45","guid":{"rendered":"https:\/\/sanjuaninnovase.com.ar\/?page_id=44"},"modified":"2025-04-29T15:23:21","modified_gmt":"2025-04-29T18:23:21","slug":"san-juan-innova-2","status":"publish","type":"page","link":"https:\/\/sanjuaninnovase.com.ar\/","title":{"rendered":"San Juan Innova"},"content":{"rendered":"<p>[et_pb_section fb_built=&#8221;1&#8243; fullwidth=&#8221;on&#8221; _builder_version=&#8221;4.23.1&#8243; _module_preset=&#8221;default&#8221; background_image=&#8221;https:\/\/sanjuaninnovase.com.ar\/wp-content\/uploads\/2023\/12\/portada-san-juan-innova-foto-aerea-san-juan.jpg&#8221; global_colors_info=&#8221;{}&#8221;][et_pb_fullwidth_slider _builder_version=&#8221;4.23.1&#8243; _module_preset=&#8221;default&#8221; header_font=&#8221;Cairo|700|||||||&#8221; header_text_align=&#8221;left&#8221; header_font_size=&#8221;40px&#8221; background_color=&#8221;rgba(0,0,0,0.5)&#8221; custom_padding=&#8221;|30%|||false|false&#8221; global_colors_info=&#8221;{}&#8221;][et_pb_slide heading=&#8221;Trabajamos en facilitar el camino para que San Juan sea una de las provincias mejor conectadas del Pa\u00eds.&#8221; button_link=&#8221;#siguiente&#8221; _builder_version=&#8221;4.23.1&#8243; _module_preset=&#8221;default&#8221; global_colors_info=&#8221;{}&#8221; sticky_transition=&#8221;on&#8221;][\/et_pb_slide][et_pb_slide heading=&#8221;Promovemos el desarrollo de econom\u00edas locales y la industria del conocimiento.&#8221; button_link=&#8221;#siguiente&#8221; _builder_version=&#8221;4.23.1&#8243; _module_preset=&#8221;default&#8221; global_colors_info=&#8221;{}&#8221; sticky_transition=&#8221;on&#8221;][\/et_pb_slide][et_pb_slide heading=&#8221;Propiciar una cultura digital dentro del estado provincial que mejore la calidad de los servicios brindados al ciudadano.&#8221; button_link=&#8221;#siguiente&#8221; _builder_version=&#8221;4.23.1&#8243; _module_preset=&#8221;default&#8221; global_colors_info=&#8221;{}&#8221; sticky_transition=&#8221;on&#8221;][\/et_pb_slide][\/et_pb_fullwidth_slider][\/et_pb_section][et_pb_section fb_built=&#8221;1&#8243; module_id=&#8221;siguiente&#8221; _builder_version=&#8221;4.23.1&#8243; _module_preset=&#8221;default&#8221; background_color=&#8221;#f7f7f7&#8243; custom_padding=&#8221;0px||0px||true|false&#8221; global_colors_info=&#8221;{}&#8221;][et_pb_row _builder_version=&#8221;4.23.1&#8243; _module_preset=&#8221;default&#8221; background_image=&#8221;https:\/\/sanjuaninnovase.com.ar\/wp-content\/uploads\/2023\/12\/Background-Novedades-1.png&#8221; background_size=&#8221;initial&#8221; custom_padding=&#8221;80px||0px||false|false&#8221; global_colors_info=&#8221;{}&#8221;][et_pb_column type=&#8221;4_4&#8243; _builder_version=&#8221;4.23.1&#8243; _module_preset=&#8221;default&#8221; global_colors_info=&#8221;{}&#8221;][et_pb_text _builder_version=&#8221;4.23.1&#8243; _module_preset=&#8221;default&#8221; header_2_font=&#8221;Cairo|700|||||||&#8221; header_2_text_align=&#8221;center&#8221; header_2_text_color=&#8221;#991b28&#8243; header_2_font_size=&#8221;44px&#8221; custom_margin=&#8221;30px||||false|false&#8221; global_colors_info=&#8221;{}&#8221;]<\/p>\n<h2>Novedades<\/h2>\n<p>[\/et_pb_text][\/et_pb_column][\/et_pb_row][et_pb_row _builder_version=&#8221;4.23.1&#8243; _module_preset=&#8221;default&#8221; global_colors_info=&#8221;{}&#8221;][et_pb_column type=&#8221;4_4&#8243; _builder_version=&#8221;4.23.1&#8243; _module_preset=&#8221;default&#8221; global_colors_info=&#8221;{}&#8221;][et_pb_blurb title=&#8221;Conectividad en Comunidades Mineras&#8221; image=&#8221;https:\/\/sanjuaninnovase.com.ar\/wp-content\/uploads\/2025\/04\/WhatsApp-Image-2025-04-29-at-08.05.31-scaled.jpeg&#8221; _builder_version=&#8221;4.27.4&#8243; _module_preset=&#8221;default&#8221; header_text_color=&#8221;#991b28&#8243; hover_enabled=&#8221;0&#8243; global_colors_info=&#8221;{}&#8221; sticky_enabled=&#8221;0&#8243; title_text=&#8221;WhatsApp Image 2025-04-29 at 08.05.31&#8243;]<\/p>\n<p>El presidente Patricio Gutierrez firm\u00f3 un convenio con el ministro de Miner\u00eda Juan Pablo Perea, que apunta a optimizar recursos tecnol\u00f3gicos, sociales y educativos, adem\u00e1s de mejorar la infraestructura de servicios p\u00fablicos y la conectividad en las comunidades mineras.<\/p>\n<p>Como parte de este compromiso social, se instalar\u00e1n puntos SOS y conectividad en espacios sociales de referencia en los departamentos de Iglesia, Valle F\u00e9rti, Calingasta, J\u00e1chal, Sarmiento y Ullum. El desarrollo ser\u00e1 en etapas, de manera ordenada y planificada, con el objetivo de llegar a los distritos m\u00e1s remotos de cada comunidad.<\/p>\n<p>\u00a1Seguimos conectando San Juan!<\/p>\n<p>[\/et_pb_blurb][et_pb_blurb title=&#8221;Puesta en funcionamiento de la Red Provincial de Internet en Iglesia. &#8221; image=&#8221;https:\/\/sanjuaninnovase.com.ar\/wp-content\/uploads\/2025\/02\/banners-web-NUMA_02.jpg&#8221; _builder_version=&#8221;4.27.4&#8243; _module_preset=&#8221;default&#8221; header_text_color=&#8221;#991b28&#8243; global_colors_info=&#8221;{}&#8221;]<\/p>\n<p><span style=\"font-weight: 400;\">\u00a0Junto al Gobierno Provincial instalamos 72 puntos de conectividad en el departamento de iglesia incorporando a este departamento a la Red Provincial. Ahora las localidades de AngualastO, Malim\u00e1n y Colanguil cuentan con el servicio de Internet.<\/span><\/p>\n<p>[\/et_pb_blurb][et_pb_blurb title=&#8221;Puntos de Acceso y sistemas SOS en rutas.&#8221; image=&#8221;https:\/\/sanjuaninnovase.com.ar\/wp-content\/uploads\/2025\/02\/banners-web_03.jpg&#8221; _builder_version=&#8221;4.27.4&#8243; _module_preset=&#8221;default&#8221; header_text_color=&#8221;#991b28&#8243; global_colors_info=&#8221;{}&#8221;]<\/p>\n<p><span style=\"font-weight: 400;\">En conjunto con el Proyecto Josemar\u00eda instalamos 4 puntos SOS en las rutas de San Juan para mejorar la comunicaci\u00f3n y garantizar mayor seguridad. <\/span><\/p>\n<p>[\/et_pb_blurb][et_pb_blurb title=&#8221;Conectate al futuro&#8221; image=&#8221;https:\/\/sanjuaninnovase.com.ar\/wp-content\/uploads\/2025\/02\/banners-NUMA-web_01.jpg&#8221; _builder_version=&#8221;4.27.4&#8243; _module_preset=&#8221;default&#8221; header_text_color=&#8221;#991b28&#8243; global_colors_info=&#8221;{}&#8221;]<\/p>\n<p><span style=\"font-weight: 400;\">La conectividad en la educaci\u00f3n no solo ampl\u00eda el acceso a recursos y oportunidades, sino que tambi\u00e9n potencia nuevas formas de aprendizaje y colaboraci\u00f3n.<\/span><span style=\"font-weight: 400;\"><br \/><\/span><span style=\"font-weight: 400;\">Desde San Juan Innova junto al gobierno provincial llevamos conexi\u00f3n a las escuelas de San Juan para que cada estudiante tenga acceso a recursos digitales de calidad para aprender y crecer.<\/span><\/p>\n<p>[\/et_pb_blurb][\/et_pb_column][\/et_pb_row][\/et_pb_section][et_pb_section fb_built=&#8221;1&#8243; _builder_version=&#8221;4.23.1&#8243; _module_preset=&#8221;default&#8221; custom_padding=&#8221;0px||0px||true|false&#8221; global_colors_info=&#8221;{}&#8221;][et_pb_row column_structure=&#8221;1_3,1_3,1_3&#8243; use_custom_gutter=&#8221;on&#8221; gutter_width=&#8221;1&#8243; make_equal=&#8221;on&#8221; _builder_version=&#8221;4.23.1&#8243; _module_preset=&#8221;default&#8221; width=&#8221;100%&#8221; max_width=&#8221;100%&#8221; min_height=&#8221;640px&#8221; custom_margin=&#8221;0px|0px|0px|0px|true|true&#8221; custom_padding=&#8221;0px|0px|0px|0px|true|true&#8221; global_colors_info=&#8221;{}&#8221;][et_pb_column type=&#8221;1_3&#8243; _builder_version=&#8221;4.23.1&#8243; _module_preset=&#8221;default&#8221; background_image=&#8221;https:\/\/sanjuaninnovase.com.ar\/wp-content\/uploads\/2023\/12\/Servicios.jpeg&#8221; custom_padding=&#8221;60px|60px|60px|60px|true|true&#8221; global_colors_info=&#8221;{}&#8221;][et_pb_text _builder_version=&#8221;4.23.1&#8243; _module_preset=&#8221;default&#8221; header_2_font=&#8221;Cairo|800||on|||||&#8221; header_2_text_color=&#8221;#FFFFFF&#8221; header_2_font_size=&#8221;44px&#8221; header_2_text_shadow_style=&#8221;preset1&#8243; global_colors_info=&#8221;{}&#8221;]<\/p>\n<h2>Servicios<\/h2>\n<p>[\/et_pb_text][\/et_pb_column][et_pb_column type=&#8221;1_3&#8243; _builder_version=&#8221;4.23.1&#8243; _dynamic_attributes=&#8221;link_option_url&#8221; _module_preset=&#8221;default&#8221; background_image=&#8221;https:\/\/sanjuaninnovase.com.ar\/wp-content\/uploads\/2023\/12\/Servicios-Mayoristas.jpeg&#8221; custom_padding=&#8221;60px|60px|60px|60px|true|true&#8221; link_option_url=&#8221;@ET-DC@eyJkeW5hbWljIjp0cnVlLCJjb250ZW50IjoicG9zdF9saW5rX3VybF9wYWdlIiwic2V0dGluZ3MiOnsicG9zdF9pZCI6IjEzNiJ9fQ==@&#8221; global_colors_info=&#8221;{}&#8221;][et_pb_blurb use_icon=&#8221;on&#8221; font_icon=&#8221;&#xe021;||divi||400&#8243; icon_color=&#8221;#FFFFFF&#8221; icon_placement=&#8221;left&#8221; _builder_version=&#8221;4.23.1&#8243; _module_preset=&#8221;default&#8221; body_font=&#8221;Cairo|800|||||||&#8221; body_text_color=&#8221;#FFFFFF&#8221; body_font_size=&#8221;18px&#8221; body_line_height=&#8221;0.2em&#8221; body_text_shadow_style=&#8221;preset1&#8243; global_colors_info=&#8221;{}&#8221;]<\/p>\n<p>Servicios<\/p>\n<p>Mayoristas<\/p>\n<p>[\/et_pb_blurb][\/et_pb_column][et_pb_column type=&#8221;1_3&#8243; _builder_version=&#8221;4.23.1&#8243; _dynamic_attributes=&#8221;link_option_url&#8221; _module_preset=&#8221;default&#8221; background_image=&#8221;https:\/\/sanjuaninnovase.com.ar\/wp-content\/uploads\/2023\/12\/Servicios-de-Inclusion-Digital.jpeg&#8221; custom_padding=&#8221;60px|60px|60px|60px|true|true&#8221; link_option_url=&#8221;@ET-DC@eyJkeW5hbWljIjp0cnVlLCJjb250ZW50IjoicG9zdF9saW5rX3VybF9wYWdlIiwic2V0dGluZ3MiOnsicG9zdF9pZCI6IjE0MCJ9fQ==@&#8221; global_colors_info=&#8221;{}&#8221;][et_pb_blurb use_icon=&#8221;on&#8221; font_icon=&#8221;&#xf007;||fa||400&#8243; icon_color=&#8221;#FFFFFF&#8221; icon_placement=&#8221;left&#8221; _builder_version=&#8221;4.23.1&#8243; _module_preset=&#8221;default&#8221; body_font=&#8221;Cairo|800|||||||&#8221; body_text_color=&#8221;#FFFFFF&#8221; body_font_size=&#8221;18px&#8221; body_line_height=&#8221;0.2em&#8221; body_text_shadow_style=&#8221;preset1&#8243; global_colors_info=&#8221;{}&#8221;]<\/p>\n<p>Servicios de<\/p>\n<p>Inclusi\u00f3n Digital<\/p>\n<p>[\/et_pb_blurb][\/et_pb_column][\/et_pb_row][\/et_pb_section][et_pb_section fb_built=&#8221;1&#8243; module_id=&#8221;contacto&#8221; _builder_version=&#8221;4.23.2&#8243; _module_preset=&#8221;default&#8221; custom_padding=&#8221;4%||4%||true|false&#8221; global_colors_info=&#8221;{}&#8221;][et_pb_row column_structure=&#8221;3_5,2_5&#8243; _builder_version=&#8221;4.23.1&#8243; _module_preset=&#8221;default&#8221; global_colors_info=&#8221;{}&#8221;][et_pb_column type=&#8221;3_5&#8243; _builder_version=&#8221;4.23.1&#8243; _module_preset=&#8221;default&#8221; global_colors_info=&#8221;{}&#8221;][et_pb_text _builder_version=&#8221;4.23.1&#8243; _module_preset=&#8221;default&#8221; text_font=&#8221;Open Sans||||||||&#8221; text_text_color=&#8221;#777777&#8243; text_font_size=&#8221;20px&#8221; header_2_font=&#8221;Cairo|700|||||||&#8221; header_2_text_align=&#8221;left&#8221; header_2_text_color=&#8221;#991b28&#8243; header_2_font_size=&#8221;44px&#8221; global_colors_info=&#8221;{}&#8221;]<\/p>\n<h2>Contacto<\/h2>\n<div class=\"et_pb_module et_pb_text et_pb_text_3  et_pb_text_align_left et_pb_bg_layout_light\">\n<div class=\"et_pb_text_inner\">\n<p>Facilitar el camino para que San Juan sea una de las provincias argentinas mejor conectadas.<\/p>\n<\/div>\n<\/div>\n<p>[\/et_pb_text][et_pb_divider _builder_version=&#8221;4.23.1&#8243; _module_preset=&#8221;default&#8221; custom_padding=&#8221;|80%|||false|false&#8221; global_colors_info=&#8221;{}&#8221;][\/et_pb_divider][\/et_pb_column][et_pb_column type=&#8221;2_5&#8243; _builder_version=&#8221;4.23.1&#8243; _module_preset=&#8221;default&#8221; global_colors_info=&#8221;{}&#8221;][\/et_pb_column][\/et_pb_row][et_pb_row column_structure=&#8221;2_5,3_5&#8243; _builder_version=&#8221;4.27.4&#8243; _module_preset=&#8221;default&#8221; global_colors_info=&#8221;{}&#8221;][et_pb_column type=&#8221;2_5&#8243; _builder_version=&#8221;4.23.1&#8243; _module_preset=&#8221;default&#8221; global_colors_info=&#8221;{}&#8221;][et_pb_blurb title=&#8221;(0264) 4302550&#8243; use_icon=&#8221;on&#8221; font_icon=&#8221;&#xe090;||divi||400&#8243; icon_placement=&#8221;left&#8221; image_icon_width=&#8221;20px&#8221; _builder_version=&#8221;4.23.1&#8243; _module_preset=&#8221;default&#8221; header_font=&#8221;Open Sans||||||||&#8221; header_text_color=&#8221;#777777&#8243; header_font_size=&#8221;16px&#8221; global_colors_info=&#8221;{}&#8221;][\/et_pb_blurb][et_pb_blurb title=&#8221;contacto@sanjuaninnovase.com.ar&#8221; use_icon=&#8221;on&#8221; font_icon=&#8221;&#xf1fa;||fa||900&#8243; icon_placement=&#8221;left&#8221; image_icon_width=&#8221;20px&#8221; _builder_version=&#8221;4.27.4&#8243; _module_preset=&#8221;default&#8221; header_font=&#8221;Open Sans||||||||&#8221; header_text_color=&#8221;#777777&#8243; header_font_size=&#8221;16px&#8221; global_colors_info=&#8221;{}&#8221;][\/et_pb_blurb][et_pb_blurb title=&#8221;Santiago del Estero 15 (N). Capital &#8211; San Juan.&#8221; use_icon=&#8221;on&#8221; font_icon=&#8221;&#xf3c5;||fa||900&#8243; icon_placement=&#8221;left&#8221; image_icon_width=&#8221;20px&#8221; _builder_version=&#8221;4.27.4&#8243; _module_preset=&#8221;default&#8221; header_font=&#8221;Open Sans||||||||&#8221; header_text_color=&#8221;#777777&#8243; header_font_size=&#8221;16px&#8221; global_colors_info=&#8221;{}&#8221;][\/et_pb_blurb][\/et_pb_column][et_pb_column type=&#8221;3_5&#8243; _builder_version=&#8221;4.23.1&#8243; _module_preset=&#8221;default&#8221; global_colors_info=&#8221;{}&#8221;][\/et_pb_column][\/et_pb_row][\/et_pb_section]<\/p>\n","protected":false},"excerpt":{"rendered":"<p>NovedadesEl presidente Patricio Gutierrez firm\u00f3 un convenio con el ministro de Miner\u00eda Juan Pablo Perea, que apunta a optimizar recursos tecnol\u00f3gicos, sociales y educativos, adem\u00e1s de mejorar la infraestructura de servicios p\u00fablicos y la conectividad en las comunidades mineras. Como parte de este compromiso social, se instalar\u00e1n puntos SOS y conectividad en espacios sociales de [&hellip;]<\/p>\n","protected":false},"author":1,"featured_media":0,"parent":0,"menu_order":0,"comment_status":"closed","ping_status":"closed","template":"","meta":{"_acf_changed":false,"_et_pb_use_builder":"on","_et_pb_old_content":"","_et_gb_content_width":"","footnotes":""},"class_list":["post-44","page","type-page","status-publish","hentry"],"acf":[],"yoast_head":"<!-- This site is optimized with the Yoast SEO plugin v22.4 - https:\/\/yoast.com\/wordpress\/plugins\/seo\/ -->\n<title>San Juan Innova - SAN JUAN INNOVA<\/title>\n<meta name=\"robots\" content=\"index, follow, max-snippet:-1, max-image-preview:large, max-video-preview:-1\" \/>\n<link rel=\"canonical\" href=\"https:\/\/sanjuaninnovase.com.ar\/\" \/>\n<meta property=\"og:locale\" content=\"es_ES\" \/>\n<meta property=\"og:type\" content=\"article\" \/>\n<meta property=\"og:title\" content=\"San Juan Innova\" \/>\n<meta property=\"og:description\" content=\"NovedadesEl presidente Patricio Gutierrez firm\u00f3 un convenio con el ministro de Miner\u00eda Juan Pablo Perea, que apunta a optimizar recursos tecnol\u00f3gicos, sociales y educativos, adem\u00e1s de mejorar la infraestructura de servicios p\u00fablicos y la conectividad en las comunidades mineras. Como parte de este compromiso social, se instalar\u00e1n puntos SOS y conectividad en espacios sociales de [&hellip;]\" \/>\n<meta property=\"og:url\" content=\"https:\/\/sanjuaninnovase.com.ar\/\" \/>\n<meta property=\"og:site_name\" content=\"SAN JUAN INNOVA\" \/>\n<meta property=\"article:modified_time\" content=\"2025-04-29T18:23:21+00:00\" \/>\n<meta name=\"twitter:card\" content=\"summary_large_image\" \/>\n<meta name=\"twitter:title\" content=\"San Juan Innova\" \/>\n<script type=\"application\/ld+json\" class=\"yoast-schema-graph\">{\"@context\":\"https:\/\/schema.org\",\"@graph\":[{\"@type\":\"WebPage\",\"@id\":\"https:\/\/sanjuaninnovase.com.ar\/\",\"url\":\"https:\/\/sanjuaninnovase.com.ar\/\",\"name\":\"San Juan Innova - SAN JUAN INNOVA\",\"isPartOf\":{\"@id\":\"https:\/\/sanjuaninnovase.com.ar\/#website\"},\"datePublished\":\"2023-12-06T19:10:45+00:00\",\"dateModified\":\"2025-04-29T18:23:21+00:00\",\"breadcrumb\":{\"@id\":\"https:\/\/sanjuaninnovase.com.ar\/#breadcrumb\"},\"inLanguage\":\"es-AR\",\"potentialAction\":[{\"@type\":\"ReadAction\",\"target\":[\"https:\/\/sanjuaninnovase.com.ar\/\"]}]},{\"@type\":\"BreadcrumbList\",\"@id\":\"https:\/\/sanjuaninnovase.com.ar\/#breadcrumb\",\"itemListElement\":[{\"@type\":\"ListItem\",\"position\":1,\"name\":\"Inicio\",\"item\":\"https:\/\/sanjuaninnovase.com.ar\/\"},{\"@type\":\"ListItem\",\"position\":2,\"name\":\"San Juan Innova\"}]},{\"@type\":\"WebSite\",\"@id\":\"https:\/\/sanjuaninnovase.com.ar\/#website\",\"url\":\"https:\/\/sanjuaninnovase.com.ar\/\",\"name\":\"SAN JUAN INNOVA - SOCIEDAD DEL ESTADO\",\"description\":\"Sociedad del Estado\",\"publisher\":{\"@id\":\"https:\/\/sanjuaninnovase.com.ar\/#organization\"},\"potentialAction\":[{\"@type\":\"SearchAction\",\"target\":{\"@type\":\"EntryPoint\",\"urlTemplate\":\"https:\/\/sanjuaninnovase.com.ar\/?s={search_term_string}\"},\"query-input\":\"required name=search_term_string\"}],\"inLanguage\":\"es-AR\"},{\"@type\":\"Organization\",\"@id\":\"https:\/\/sanjuaninnovase.com.ar\/#organization\",\"name\":\"SAN JUAN INNOVA - SOCIEDAD DEL ESTADO\",\"url\":\"https:\/\/sanjuaninnovase.com.ar\/\",\"logo\":{\"@type\":\"ImageObject\",\"inLanguage\":\"es-AR\",\"@id\":\"https:\/\/sanjuaninnovase.com.ar\/#\/schema\/logo\/image\/\",\"url\":\"https:\/\/sanjuaninnovase.com.ar\/wp-content\/uploads\/2023\/11\/Logo-San-Juan-INNOVA-color.png\",\"contentUrl\":\"https:\/\/sanjuaninnovase.com.ar\/wp-content\/uploads\/2023\/11\/Logo-San-Juan-INNOVA-color.png\",\"width\":499,\"height\":243,\"caption\":\"SAN JUAN INNOVA - SOCIEDAD DEL ESTADO\"},\"image\":{\"@id\":\"https:\/\/sanjuaninnovase.com.ar\/#\/schema\/logo\/image\/\"}}]}<\/script>\n<!-- \/ Yoast SEO plugin. -->","yoast_head_json":{"title":"San Juan Innova - SAN JUAN INNOVA","robots":{"index":"index","follow":"follow","max-snippet":"max-snippet:-1","max-image-preview":"max-image-preview:large","max-video-preview":"max-video-preview:-1"},"canonical":"https:\/\/sanjuaninnovase.com.ar\/","og_locale":"es_ES","og_type":"article","og_title":"San Juan Innova","og_description":"NovedadesEl presidente Patricio Gutierrez firm\u00f3 un convenio con el ministro de Miner\u00eda Juan Pablo Perea, que apunta a optimizar recursos tecnol\u00f3gicos, sociales y educativos, adem\u00e1s de mejorar la infraestructura de servicios p\u00fablicos y la conectividad en las comunidades mineras. Como parte de este compromiso social, se instalar\u00e1n puntos SOS y conectividad en espacios sociales de [&hellip;]","og_url":"https:\/\/sanjuaninnovase.com.ar\/","og_site_name":"SAN JUAN INNOVA","article_modified_time":"2025-04-29T18:23:21+00:00","twitter_card":"summary_large_image","twitter_title":"San Juan Innova","schema":{"@context":"https:\/\/schema.org","@graph":[{"@type":"WebPage","@id":"https:\/\/sanjuaninnovase.com.ar\/","url":"https:\/\/sanjuaninnovase.com.ar\/","name":"San Juan Innova - SAN JUAN INNOVA","isPartOf":{"@id":"https:\/\/sanjuaninnovase.com.ar\/#website"},"datePublished":"2023-12-06T19:10:45+00:00","dateModified":"2025-04-29T18:23:21+00:00","breadcrumb":{"@id":"https:\/\/sanjuaninnovase.com.ar\/#breadcrumb"},"inLanguage":"es-AR","potentialAction":[{"@type":"ReadAction","target":["https:\/\/sanjuaninnovase.com.ar\/"]}]},{"@type":"BreadcrumbList","@id":"https:\/\/sanjuaninnovase.com.ar\/#breadcrumb","itemListElement":[{"@type":"ListItem","position":1,"name":"Inicio","item":"https:\/\/sanjuaninnovase.com.ar\/"},{"@type":"ListItem","position":2,"name":"San Juan Innova"}]},{"@type":"WebSite","@id":"https:\/\/sanjuaninnovase.com.ar\/#website","url":"https:\/\/sanjuaninnovase.com.ar\/","name":"SAN JUAN INNOVA - SOCIEDAD DEL ESTADO","description":"Sociedad del Estado","publisher":{"@id":"https:\/\/sanjuaninnovase.com.ar\/#organization"},"potentialAction":[{"@type":"SearchAction","target":{"@type":"EntryPoint","urlTemplate":"https:\/\/sanjuaninnovase.com.ar\/?s={search_term_string}"},"query-input":"required name=search_term_string"}],"inLanguage":"es-AR"},{"@type":"Organization","@id":"https:\/\/sanjuaninnovase.com.ar\/#organization","name":"SAN JUAN INNOVA - SOCIEDAD DEL ESTADO","url":"https:\/\/sanjuaninnovase.com.ar\/","logo":{"@type":"ImageObject","inLanguage":"es-AR","@id":"https:\/\/sanjuaninnovase.com.ar\/#\/schema\/logo\/image\/","url":"https:\/\/sanjuaninnovase.com.ar\/wp-content\/uploads\/2023\/11\/Logo-San-Juan-INNOVA-color.png","contentUrl":"https:\/\/sanjuaninnovase.com.ar\/wp-content\/uploads\/2023\/11\/Logo-San-Juan-INNOVA-color.png","width":499,"height":243,"caption":"SAN JUAN INNOVA - SOCIEDAD DEL ESTADO"},"image":{"@id":"https:\/\/sanjuaninnovase.com.ar\/#\/schema\/logo\/image\/"}}]}},"_links":{"self":[{"href":"https:\/\/sanjuaninnovase.com.ar\/index.php?rest_route=\/wp\/v2\/pages\/44","targetHints":{"allow":["GET"]}}],"collection":[{"href":"https:\/\/sanjuaninnovase.com.ar\/index.php?rest_route=\/wp\/v2\/pages"}],"about":[{"href":"https:\/\/sanjuaninnovase.com.ar\/index.php?rest_route=\/wp\/v2\/types\/page"}],"author":[{"embeddable":true,"href":"https:\/\/sanjuaninnovase.com.ar\/index.php?rest_route=\/wp\/v2\/users\/1"}],"replies":[{"embeddable":true,"href":"https:\/\/sanjuaninnovase.com.ar\/index.php?rest_route=%2Fwp%2Fv2%2Fcomments&post=44"}],"version-history":[{"count":13,"href":"https:\/\/sanjuaninnovase.com.ar\/index.php?rest_route=\/wp\/v2\/pages\/44\/revisions"}],"predecessor-version":[{"id":393,"href":"https:\/\/sanjuaninnovase.com.ar\/index.php?rest_route=\/wp\/v2\/pages\/44\/revisions\/393"}],"wp:attachment":[{"href":"https:\/\/sanjuaninnovase.com.ar\/index.php?rest_route=%2Fwp%2Fv2%2Fmedia&parent=44"}],"curies":[{"name":"wp","href":"https:\/\/api.w.org\/{rel}","templated":true}]}}